ctor of 40100 and 1550?
50
Calculate the greatest common factor of 1325040 and 80.
80
What is the highest common factor of 9933 and 29326?
473
Calculate the greatest common factor of 18837 and 49.
7
Calculate the greatest common divisor of 896 and 7912.
8
What is the greatest common divisor of 138760 and 140?
20
Calculate the highest common factor of 1729 and 2392.
13
What is the highest common divisor of 744 and 297166?
62
Calculate the highest common divisor of 2750 and 7750.
250
What is the highest common divisor of 9132175 and 13?
13
Calculate the highest common factor of 810 and 8802.
54
Calculate the highest common factor of 9612 and 853332.
1068
Calculate the greatest common divisor of 411476 and 117260.
2132
What is the highest common divisor of 1658184 and 66?
66
What is the greatest common factor of 339808 and 2009?
287
What is the greatest common factor of 12 and 177624?
12
Calculate the greatest common factor of 324 and 118557.
27
Calculate the greatest common factor of 50317 and 67.
67
Calculate the greatest common divisor of 12746 and 18.
2
Calculate the highest common divisor of 4541 and 209.
19
What is the highest common factor of 14007 and 2300?
23
What is the highest common factor of 139583 and 97?
97
What is the highest common factor of 1060310 and 40?
10
What is the highest common factor of 12 and 13305?
3
Calculate the greatest common divisor of 25560 and 450.
90
Calculate the greatest common factor of 891 and 135333.
99
What is the greatest common factor of 5450 and 1050?
50
Calculate the highest common factor of 1938 and 349.
1
What is the greatest common factor of 92 and 528356?
92
What is the highest common divisor of 96673 and 1047?
349
Calculate the highest common factor of 266672 and 560.
112
What is the highest common factor of 61194 and 355320?
1974
Calculate the highest common factor of 12 and 48272.
4
What is the highest common factor of 64 and 285788?
4
What is the greatest common divisor of 536 and 141772?
268
Calculate the greatest common divisor of 10 and 48975.
5
Calculate the highest common factor of 12 and 41298.
6
What is the highest common divisor of 7664 and 16?
16
Calculate the greatest common factor of 3401 and 1083.
19
Calculate the greatest common factor of 12857 and 46.
23
Calculate the highest common divisor of 47029 and 1048.
131
Calculate the highest common factor of 75073 and 74.
37
Calculate the greatest common divisor of 91341 and 561.
51
What is the highest common divisor of 23170 and 2590?
70
Calculate the greatest common divisor of 1716 and 48828.
156
What is the highest common factor of 819 and 39123?
63
What is the highest common factor of 243 and 12501?
27
Calculate the highest common factor of 146761 and 17.
17
What is the highest common divisor of 808 and 8383?
101
What is the highest common divisor of 946464 and 12?
12
What is the highest common divisor of 1932 and 48760?
92
What is the greatest common divisor of 15594 and 100796?
226
Calculate the greatest common divisor of 52 and 661102.
26
What is the highest common factor of 48737 and 120796?
299
What is the greatest common divisor of 1366624 and 84?
28
What is the highest common factor of 6371 and 16468?
23
What is the greatest common factor of 23 and 972417?
23
What is the greatest common divisor of 209542 and 918?
34
What is the highest common factor of 621605 and 710?
355
What is the highest common divisor of 192864 and 3280?
656
What is the highest common factor of 645 and 36249?
129
What is the greatest common factor of 240 and 1552640?
80
Calculate the highest common divisor of 1460 and 876.
292
What is the greatest common factor of 2294 and 38378?
62
Calculate the highest common divisor of 669 and 26983.
223
What is the greatest common factor of 48 and 567348?
12
What is the highest common factor of 1890 and 7020?
270
What is the greatest common factor of 1472 and 13120?
64
What is the highest common factor of 128 and 1623936?
128
Calculate the highest common factor of 1540 and 31724.
308
What is the highest common factor of 806 and 8122?
62
Calculate the greatest common divisor of 235 and 187577.
47
Calculate the highest common factor of 30163 and 417.
139
What is the greatest common divisor of 4254304 and 64?
32
What is the greatest common divisor of 3 and 108912?
3
Calculate the greatest common factor of 66 and 2271302.
22
What is the highest common factor of 2176 and 3587?
17
Calculate the highest common divisor of 1196 and 74014.
46
Calculate the highest common factor of 13926 and 1764.
6
What is the highest common factor of 8 and 79256?
8
What is the highest common divisor of 332 and 398732?
332
Calculate the highest common factor of 49 and 1097453.
49
What is the greatest common factor of 33912 and 34383?
471
Calculate the highest common divisor of 1276 and 32318.
22
What is the highest common divisor of 7245 and 1638?
63
Calculate the highest common divisor of 1673843 and 111.
37
What is the greatest common divisor of 2376 and 281600?
88
What is the highest common divisor of 30 and 25374?
6
What is the highest common factor of 91093 and 426?
71
What is the greatest common divisor of 19169 and 58?
29
Calculate the greatest common divisor of 737 and 59161.
67
What is the highest common factor of 3336 and 488?
8
What is the highest common divisor of 730500 and 2250?
750
Calculate the highest common divisor of 306627 and 2148.
537
Calculate the highest common factor of 18771446 and 166.
166
Calculate the greatest common divisor of 4052 and 4.
4
What is the highest common divisor of 9711 and 325?
13
Calculate the greatest common factor of 1170 and 104040.
90
What is the highest common factor of 1742 and 7020?
26
What is the highest common divisor of 11295 and 225?
45
What is the greatest common divisor of 1501 and 3713?
79
Calculate the greatest common factor of 9848 and 152.
8
Calculate the greatest common factor of 2652 and 112047.
663
What is the greatest common factor of 21 and 322329?
21
Calculate the greatest common factor of 1408 and 310816.
352
Calculate the greatest common factor of 107848 and 340.
68
Calculate the greatest common factor of 22176 and 4788.
252
Calculate the greatest common factor of 5772 and 104.
52
Calculate the highest common divisor of 89 and 2214053.
89
What is the highest common factor of 326761 and 23?
23
What is the greatest common divisor of 2954 and 56?
14
Calculate the greatest common factor of 38 and 102182.
38
Calculate the highest common divisor of 136 and 22.
2
Calculate the greatest common factor of 3850 and 466950.
550
What is the greatest common factor of 348 and 52519?
29
Calculate the greatest common factor of 5012390 and 190.
190
Calculate the highest common factor of 364 and 198562.
182
Calculate the highest common factor of 19405 and 25.
5
What is the highest common factor of 672 and 171318?
42
Calculate the highest common divisor of 1423455 and 45.
15
Calculate the greatest common divisor of 682088 and 644.
92
Calculate the highest common divisor of 1550 and 950.
50
What is the greatest common factor of 54040 and 833?
7
Calculate the highest common divisor of 135 and 169263.
27
What is the greatest common divisor of 78168 and 24?
24
Calculate the greatest common factor of 5 and 27995.
5
Calculate the greatest common divisor of 270 and 2010.
30
What is the greatest common divisor of 1057 and 18137?
7
Calculate the greatest common divisor of 604750 and 205.
205
Calculate the greatest common factor of 22 and 689601.
11
Calculate the highest common factor of 75 and 12033150.
75
Calculate the greatest common factor of 2312 and 264.
8
What is the greatest common divisor of 83533 and 515?
103
What is the highest common divisor of 11995867 and 463?
463
What is the greatest common factor of 194657 and 37?
37
What is the highest common factor of 86 and 448447?
43
What is the greatest common factor of 87 and 167301?
87
What is the greatest common divisor of 1515 and 45?
15
Calculate the highest common factor of 75263 and 365.
73
What is the highest common factor of 33510 and 65?
5
Calculate the greatest common divisor of 1261392 and 528.
528
Calculate the greatest common divisor of 179597 and 231.
11
Calculate the greatest common divisor of 8 and 8158.
2
What is the greatest 